{"id":1230,"date":"2023-11-06T18:47:36","date_gmt":"2023-11-06T17:47:36","guid":{"rendered":"http:\/\/www.irenefeste.com\/?page_id=1230"},"modified":"2023-11-06T19:19:42","modified_gmt":"2023-11-06T18:19:42","slug":"michel-saint-leon","status":"publish","type":"page","link":"https:\/\/www.irenefeste.com\/?page_id=1230","title":{"rendered":"Michel Saint-L\u00e9on"},"content":{"rendered":"\n<p>Danseur figurant \u00e0 l\u2019Op\u00e9ra de Paris, assistant de Pierre Gardel pour la r\u00e9alisation des jeux d\u2019escrime, bon musicien, ma\u00eetre \u00e0 danser \u00e0 la cour de Wurtemberg, p\u00e8re d\u2019Arthur Saint-L\u00e9on (1777 \u2013 1853)<\/p>\n\n\n\n<ul class=\"wp-block-list\">\n<li><strong>2016 : Programme d&rsquo;Aide \u00e0 la recherche et au Patrimoine en Danse du Centre National de la Danse<\/strong><\/li>\n<\/ul>\n\n\n\n<p><strong><em>\u00ab\u00a0De l&rsquo;entra\u00eenement du danseur \u00e0 la th\u00e9\u00e2tralit\u00e9 d&rsquo;une variation chor\u00e9graphique dans les cahiers de Michel St L\u00e9on entre 1829 et 1836\u00a0\u00bb<\/em><\/strong><\/p>\n\n\n\n<p>Mise en relief de la porosit\u00e9 des danses de bal avec celles dans\u00e9es sur les sc\u00e8nes de th\u00e9\u00e2tre et d&rsquo;op\u00e9ra, dans la premi\u00e8re moiti\u00e9 du XIX\u00e8me si\u00e8cle.<\/p>\n\n\n\n<p><a href=\"https:\/\/www.cnd.fr\/fr\/file\/file\/610\/inline\/Synth\u00e8se-Feste-Dolle.pdf\">https:\/\/www.cnd.fr\/fr\/file\/file\/610\/inline\/Synth\u00e8se-Feste-Dolle.pdf<\/a><\/p>\n\n\n\n<p><\/p>\n\n\n\n<ul class=\"wp-block-list\">\n<li><strong>2021 :<\/strong> <strong>Conf\u00e9rence<\/strong> <strong>au congr\u00e8s INVESTIGACI\u00d3N EN DANZA CSIC<\/strong> <a rel=\"noreferrer noopener\" href=\"https:\/\/investigacionendanzacsic.com\/dance-in-spain-conference\/#presentation\" target=\"_blank\">https:\/\/investigacionendanzacsic.com\/dance-in-spain-confe\u2026\/\u2026<\/a><\/li>\n<\/ul>\n\n\n\n<p class=\"has-text-align-center\"><em>Bol\u00e9ro et Cachucha d\u2019apr\u00e8s les Cahiers de Michel Saint-L\u00e9on \/ Bolero and Cachucha after the Notebooks of Michel Saint-L\u00e9on<\/em><\/p>\n\n\n\n<p>Michel Saint-L\u00e9on (1777-1853), p\u00e8re du c\u00e9l\u00e8bre danseur Arthur Saint-L\u00e9on, r\u00e9dige des cahiers d\u2019exercices, entre 1829 et 1836. Dans ces cahiers, il note des exercices, des chor\u00e9graphies de sa propre composition et des chor\u00e9graphies de grands ma\u00eetres qu\u2019il a vu danser sur la sc\u00e8ne de l\u2019Op\u00e9ra (Gardel, Milon, Albert, Vestris\u2026). On y trouve aussi des chor\u00e9graphies de danses de caract\u00e8re, tr\u00e8s \u00e0 la mode \u00e0 cette \u00e9poque, tels que le Bol\u00e9ro, la Cosaque, la Guarachia, la Tirolienne&#8230;<\/p>\n\n\n\n<p>Plusieurs bol\u00e9ros sont d\u00e9crits dans les cahiers dont un qui a \u00e9t\u00e9 chor\u00e9graphi\u00e9 par Louis Milon en 1801 \u00e0 l\u2019occasion de la repr\u00e9sentation de \u00ab Les Noces de Gamache \u00bb, \u00e0 l\u2019Op\u00e9ra de Paris. C\u2019est en 1830 que Saint-L\u00e9on en note la chor\u00e9graphie et s\u2019en inspire pour chor\u00e9graphier lui-m\u00eame un bol\u00e9ro sur la m\u00eame musique.<\/p>\n\n\n\n<p>Dans l\u2019un des cahiers est not\u00e9e la musique de la Cachucha du Diable Boiteux, dans\u00e9e par Fanny Elssler, dont il est possible que Michel Saint-L\u00e9on se soit servi, soit pour cr\u00e9er une chor\u00e9graphie d\u00e9di\u00e9e \u00e0 l\u2019une des princesses, soit parce qu\u2019il a eu l\u2019occasion de s\u2019en inspirer et d\u2019en noter la chor\u00e9graphie.<\/p>\n\n\n\n<p>La communication proposera une reconstitution de trois danses extraites des cahiers de Michel Saint-L\u00e9on : deux \u00ab Bol\u00e9ros \u00bb sur la musique \u00ab Les Noces de Gamache \u00bb et la \u00ab Guarachia danse espagnole ou nouvelle Katchucha \u00bb<\/p>\n\n\n\n<p><a href=\"https:\/\/investigacionendanzacsic.com\/2022\/08\/06\/bolero-and-cachucha-after-the-notebooks-of-michel-saint-leon\/\">Bolero and Cachucha after the Notebooks of Michel Saint-L\u00e9on \u2013 INVESTIGACI\u00d3N EN DANZA CSIC (investigacionendanzacsic.com)<\/a><\/p>\n","protected":false},"excerpt":{"rendered":"<p>Danseur figurant \u00e0 l\u2019Op\u00e9ra de Paris, assistant de Pierre Gardel pour la r\u00e9alisation des jeux d\u2019escrime, bon musicien, ma\u00eetre \u00e0 danser \u00e0 la cour de Wurtemberg, p\u00e8re d\u2019Arthur Saint-L\u00e9on (1777 \u2013 1853) \u00ab\u00a0De l&rsquo;entra\u00eenement du danseur \u00e0 la th\u00e9\u00e2tralit\u00e9 d&rsquo;une variation chor\u00e9graphique dans les cahiers de Michel St L\u00e9on entre 1829 et 1836\u00a0\u00bb Mise en &hellip; <a href=\"https:\/\/www.irenefeste.com\/?page_id=1230\" class=\"more-link\">Continuer la lecture de <span class=\"screen-reader-text\">Michel Saint-L\u00e9on<\/span> <span class=\"meta-nav\">&rarr;<\/span><\/a><\/p>\n","protected":false},"author":1,"featured_media":0,"parent":165,"menu_order":3,"comment_status":"closed","ping_status":"closed","template":"","meta":{"footnotes":""},"class_list":["post-1230","page","type-page","status-publish","hentry"],"_links":{"self":[{"href":"https:\/\/www.irenefeste.com\/index.php?rest_route=\/wp\/v2\/pages\/1230","targetHints":{"allow":["GET"]}}],"collection":[{"href":"https:\/\/www.irenefeste.com\/index.php?rest_route=\/wp\/v2\/pages"}],"about":[{"href":"https:\/\/www.irenefeste.com\/index.php?rest_route=\/wp\/v2\/types\/page"}],"author":[{"embeddable":true,"href":"https:\/\/www.irenefeste.com\/index.php?rest_route=\/wp\/v2\/users\/1"}],"replies":[{"embeddable":true,"href":"https:\/\/www.irenefeste.com\/index.php?rest_route=%2Fwp%2Fv2%2Fcomments&post=1230"}],"version-history":[{"count":3,"href":"https:\/\/www.irenefeste.com\/index.php?rest_route=\/wp\/v2\/pages\/1230\/revisions"}],"predecessor-version":[{"id":1256,"href":"https:\/\/www.irenefeste.com\/index.php?rest_route=\/wp\/v2\/pages\/1230\/revisions\/1256"}],"up":[{"embeddable":true,"href":"https:\/\/www.irenefeste.com\/index.php?rest_route=\/wp\/v2\/pages\/165"}],"wp:attachment":[{"href":"https:\/\/www.irenefeste.com\/index.php?rest_route=%2Fwp%2Fv2%2Fmedia&parent=1230"}],"curies":[{"name":"wp","href":"https:\/\/api.w.org\/{rel}","templated":true}]}}

Michel Saint-Léon

<p>Danseur figurant à l’Opéra de Paris, assistant de Pierre Gardel pour la réalisation des jeux d’escrime, bon musicien, maître à danser à la cour de Wurtemberg, père d’Arthur Saint-Léon (1777 – 1853)</p>



<ul class="wp-block-list">
<li><strong>2016 : Programme d&rsquo;Aide à la recherche et au Patrimoine en Danse du Centre National de la Danse</strong></li>
</ul>



<p><strong><em>« De l&rsquo;entraînement du danseur à la théâtralité d&rsquo;une variation chorégraphique dans les cahiers de Michel St Léon entre 1829 et 1836 »</em></strong></p>



<p>Mise en relief de la porosité des danses de bal avec celles dansées sur les scènes de théâtre et d&rsquo;opéra, dans la première moitié du XIXème siècle.</p>



<p><a href="https://www.cnd.fr/fr/file/file/610/inline/Synthèse-Feste-Dolle.pdf">https://www.cnd.fr/fr/file/file/610/inline/Synthèse-Feste-Dolle.pdf</a></p>



<p></p>



<ul class="wp-block-list">
<li><strong>2021 :</strong> <strong>Conférence</strong> <strong>au congrès INVESTIGACIÓN EN DANZA CSIC</strong> <a rel="noreferrer noopener" href="https://investigacionendanzacsic.com/dance-in-spain-conference/#presentation" target="_blank">https://investigacionendanzacsic.com/dance-in-spain-confe…/…</a></li>
</ul>



<p class="has-text-align-center"><em>Boléro et Cachucha d’après les Cahiers de Michel Saint-Léon / Bolero and Cachucha after the Notebooks of Michel Saint-Léon</em></p>



<p>Michel Saint-Léon (1777-1853), père du célèbre danseur Arthur Saint-Léon, rédige des cahiers d’exercices, entre 1829 et 1836. Dans ces cahiers, il note des exercices, des chorégraphies de sa propre composition et des chorégraphies de grands maîtres qu’il a vu danser sur la scène de l’Opéra (Gardel, Milon, Albert, Vestris…). On y trouve aussi des chorégraphies de danses de caractère, très à la mode à cette époque, tels que le Boléro, la Cosaque, la Guarachia, la Tirolienne&#8230;</p>



<p>Plusieurs boléros sont décrits dans les cahiers dont un qui a été chorégraphié par Louis Milon en 1801 à l’occasion de la représentation de « Les Noces de Gamache », à l’Opéra de Paris. C’est en 1830 que Saint-Léon en note la chorégraphie et s’en inspire pour chorégraphier lui-même un boléro sur la même musique.</p>



<p>Dans l’un des cahiers est notée la musique de la Cachucha du Diable Boiteux, dansée par Fanny Elssler, dont il est possible que Michel Saint-Léon se soit servi, soit pour créer une chorégraphie dédiée à l’une des princesses, soit parce qu’il a eu l’occasion de s’en inspirer et d’en noter la chorégraphie.</p>



<p>La communication proposera une reconstitution de trois danses extraites des cahiers de Michel Saint-Léon : deux « Boléros » sur la musique « Les Noces de Gamache » et la « Guarachia danse espagnole ou nouvelle Katchucha »</p>



<p><a href="https://investigacionendanzacsic.com/2022/08/06/bolero-and-cachucha-after-the-notebooks-of-michel-saint-leon/">Bolero and Cachucha after the Notebooks of Michel Saint-Léon – INVESTIGACIÓN EN DANZA CSIC (investigacionendanzacsic.com)</a></p>

<p>Danseur figurant à l’Opéra de Paris, assistant de Pierre Gardel pour la réalisation des jeux d’escrime, bon musicien, maître à danser à la cour de Wurtemberg, père d’Arthur Saint-Léon (1777 – 1853) « De l&rsquo;entraînement du danseur à la théâtralité d&rsquo;une variation chorégraphique dans les cahiers de Michel St Léon entre 1829 et 1836 » Mise en &hellip; <a href="https://www.irenefeste.com/?page_id=1230" class="more-link">Continuer la lecture de <span class="screen-reader-text">Michel Saint-Léon</span> <span class="meta-nav">&rarr;</span></a></p>
