{"id":1343,"date":"2025-01-19T22:56:51","date_gmt":"2025-01-19T21:56:51","guid":{"rendered":"https:\/\/www.irenefeste.com\/?page_id=1343"},"modified":"2025-06-02T13:57:35","modified_gmt":"2025-06-02T12:57:35","slug":"le-maitre-a-danser-de-pierre-rameau","status":"publish","type":"page","link":"https:\/\/www.irenefeste.com\/?page_id=1343","title":{"rendered":"\u00ab\u00a0Le Ma\u00eetre \u00e0 danser\u00a0\u00bb, de Pierre Rameau"},"content":{"rendered":"\n<p>Christine Bayle (<em>Cie Belles Dances<\/em>) et Ir\u00e8ne Feste (<em>Cie Danses au (Pas)s\u00e9<\/em>) s\u2019associent pour c\u00e9l\u00e9brer le tricentenaire des publications de Pierre Rameau : <em>Le Ma\u00eetre \u00e0 danser<\/em> et <em>Abr\u00e9g\u00e9 de la nouvelle m\u00e9thode dans l&rsquo;art d&rsquo;\u00e9crire ou de tracer toutes sortes de danses de ville<\/em><\/p>\n\n\n\n<figure class=\"wp-block-embed is-type-video is-provider-youtube wp-block-embed-youtube wp-embed-aspect-16-9 wp-has-aspect-ratio\"><div class=\"wp-block-embed__wrapper\">\n<iframe loading=\"lazy\" title=\"Episode 1 - Pierre Rameau\" width=\"604\" height=\"340\" src=\"https:\/\/www.youtube.com\/embed\/D6OrPZ9CZNE?feature=oembed\" frameborder=\"0\" allow=\"accelerometer; autoplay; clipboard-write; encrypted-media; gyroscope; picture-in-picture; web-share\" referrerpolicy=\"strict-origin-when-cross-origin\" allowfullscreen><\/iframe>\n<\/div><\/figure>\n\n\n\n<figure class=\"wp-block-embed is-type-video is-provider-youtube wp-block-embed-youtube wp-embed-aspect-16-9 wp-has-aspect-ratio\"><div class=\"wp-block-embed__wrapper\">\n<iframe loading=\"lazy\" title=\"Episode 2 - Pierre Rameau\" width=\"604\" height=\"340\" src=\"https:\/\/www.youtube.com\/embed\/hJDDJcBAqXo?feature=oembed\" frameborder=\"0\" allow=\"accelerometer; autoplay; clipboard-write; encrypted-media; gyroscope; picture-in-picture; web-share\" referrerpolicy=\"strict-origin-when-cross-origin\" allowfullscreen><\/iframe>\n<\/div><\/figure>\n\n\n\n<figure class=\"wp-block-embed is-type-video is-provider-youtube wp-block-embed-youtube wp-embed-aspect-16-9 wp-has-aspect-ratio\"><div class=\"wp-block-embed__wrapper\">\n<iframe loading=\"lazy\" title=\"Episode 3 - Pierre Rameau\" width=\"604\" height=\"340\" src=\"https:\/\/www.youtube.com\/embed\/-S7x58CsZ9s?feature=oembed\" frameborder=\"0\" allow=\"accelerometer; autoplay; clipboard-write; encrypted-media; gyroscope; picture-in-picture; web-share\" referrerpolicy=\"strict-origin-when-cross-origin\" allowfullscreen><\/iframe>\n<\/div><\/figure>\n","protected":false},"excerpt":{"rendered":"<p>Christine Bayle (Cie Belles Dances) et Ir\u00e8ne Feste (Cie Danses au (Pas)s\u00e9) s\u2019associent pour c\u00e9l\u00e9brer le tricentenaire des publications de Pierre Rameau : Le Ma\u00eetre \u00e0 danser et Abr\u00e9g\u00e9 de la nouvelle m\u00e9thode dans l&rsquo;art d&rsquo;\u00e9crire ou de tracer toutes sortes de danses de ville<\/p>\n","protected":false},"author":1,"featured_media":0,"parent":165,"menu_order":6,"comment_status":"closed","ping_status":"closed","template":"","meta":{"footnotes":""},"class_list":["post-1343","page","type-page","status-publish","hentry"],"_links":{"self":[{"href":"https:\/\/www.irenefeste.com\/index.php?rest_route=\/wp\/v2\/pages\/1343","targetHints":{"allow":["GET"]}}],"collection":[{"href":"https:\/\/www.irenefeste.com\/index.php?rest_route=\/wp\/v2\/pages"}],"about":[{"href":"https:\/\/www.irenefeste.com\/index.php?rest_route=\/wp\/v2\/types\/page"}],"author":[{"embeddable":true,"href":"https:\/\/www.irenefeste.com\/index.php?rest_route=\/wp\/v2\/users\/1"}],"replies":[{"embeddable":true,"href":"https:\/\/www.irenefeste.com\/index.php?rest_route=%2Fwp%2Fv2%2Fcomments&post=1343"}],"version-history":[{"count":16,"href":"https:\/\/www.irenefeste.com\/index.php?rest_route=\/wp\/v2\/pages\/1343\/revisions"}],"predecessor-version":[{"id":1425,"href":"https:\/\/www.irenefeste.com\/index.php?rest_route=\/wp\/v2\/pages\/1343\/revisions\/1425"}],"up":[{"embeddable":true,"href":"https:\/\/www.irenefeste.com\/index.php?rest_route=\/wp\/v2\/pages\/165"}],"wp:attachment":[{"href":"https:\/\/www.irenefeste.com\/index.php?rest_route=%2Fwp%2Fv2%2Fmedia&parent=1343"}],"curies":[{"name":"wp","href":"https:\/\/api.w.org\/{rel}","templated":true}]}}