{"id":1510,"date":"2026-03-12T20:09:17","date_gmt":"2026-03-12T19:09:17","guid":{"rendered":"https:\/\/www.irenefeste.com\/?page_id=1510"},"modified":"2026-03-12T20:56:54","modified_gmt":"2026-03-12T19:56:54","slug":"une-histoire-de-chaussons","status":"publish","type":"page","link":"https:\/\/www.irenefeste.com\/?page_id=1510","title":{"rendered":"Une histoire de chaussons"},"content":{"rendered":"\n<p><strong>Spectacle<\/strong><\/p>\n\n\n\n<p><em>Chaussures, chaussons de danse, ballerines, demi-pointes, pointes&#8230; les chaussons entrent dans la danse.<\/em><\/p>\n\n\n\n<p><em>A travers de ses diff\u00e9rentes paires de chaussons, une danseuse retrace l&rsquo;\u00e9volution de la danse du XVI\u00e8me au XIX\u00e8me si\u00e8cle.<\/em><\/p>\n\n\n<div class=\"wp-block-image is-style-default\">\n<figure class=\"aligncenter size-large is-resized\"><a href=\"https:\/\/www.irenefeste.com\/wp-content\/uploads\/2026\/03\/DaP-guaracha1-scaled.jpg\"><img loading=\"lazy\" decoding=\"async\" width=\"768\" height=\"1024\" src=\"https:\/\/www.irenefeste.com\/wp-content\/uploads\/2026\/03\/DaP-guaracha1-768x1024.jpg\" alt=\"\" class=\"wp-image-1534\" style=\"width:305px;height:auto\" srcset=\"https:\/\/www.irenefeste.com\/wp-content\/uploads\/2026\/03\/DaP-guaracha1-768x1024.jpg 768w, https:\/\/www.irenefeste.com\/wp-content\/uploads\/2026\/03\/DaP-guaracha1-225x300.jpg 225w, https:\/\/www.irenefeste.com\/wp-content\/uploads\/2026\/03\/DaP-guaracha1-600x800.jpg 600w, https:\/\/www.irenefeste.com\/wp-content\/uploads\/2026\/03\/DaP-guaracha1-1152x1536.jpg 1152w, https:\/\/www.irenefeste.com\/wp-content\/uploads\/2026\/03\/DaP-guaracha1-1536x2048.jpg 1536w, https:\/\/www.irenefeste.com\/wp-content\/uploads\/2026\/03\/DaP-guaracha1-1320x1760.jpg 1320w, https:\/\/www.irenefeste.com\/wp-content\/uploads\/2026\/03\/DaP-guaracha1-scaled.jpg 1920w\" sizes=\"auto, (max-width: 768px) 100vw, 768px\" \/><\/a><\/figure><\/div>\n\n\n<p>Contact : contact(at)dansesaupasse.fr<\/p>\n","protected":false},"excerpt":{"rendered":"<p>Spectacle Chaussures, chaussons de danse, ballerines, demi-pointes, pointes&#8230; les chaussons entrent dans la danse. A travers de ses diff\u00e9rentes paires de chaussons, une danseuse retrace l&rsquo;\u00e9volution de la danse du XVI\u00e8me au XIX\u00e8me si\u00e8cle. Contact : contact(at)dansesaupasse.fr<\/p>\n","protected":false},"author":1,"featured_media":0,"parent":998,"menu_order":3,"comment_status":"closed","ping_status":"closed","template":"","meta":{"footnotes":""},"class_list":["post-1510","page","type-page","status-publish","hentry"],"_links":{"self":[{"href":"https:\/\/www.irenefeste.com\/index.php?rest_route=\/wp\/v2\/pages\/1510","targetHints":{"allow":["GET"]}}],"collection":[{"href":"https:\/\/www.irenefeste.com\/index.php?rest_route=\/wp\/v2\/pages"}],"about":[{"href":"https:\/\/www.irenefeste.com\/index.php?rest_route=\/wp\/v2\/types\/page"}],"author":[{"embeddable":true,"href":"https:\/\/www.irenefeste.com\/index.php?rest_route=\/wp\/v2\/users\/1"}],"replies":[{"embeddable":true,"href":"https:\/\/www.irenefeste.com\/index.php?rest_route=%2Fwp%2Fv2%2Fcomments&post=1510"}],"version-history":[{"count":5,"href":"https:\/\/www.irenefeste.com\/index.php?rest_route=\/wp\/v2\/pages\/1510\/revisions"}],"predecessor-version":[{"id":1562,"href":"https:\/\/www.irenefeste.com\/index.php?rest_route=\/wp\/v2\/pages\/1510\/revisions\/1562"}],"up":[{"embeddable":true,"href":"https:\/\/www.irenefeste.com\/index.php?rest_route=\/wp\/v2\/pages\/998"}],"wp:attachment":[{"href":"https:\/\/www.irenefeste.com\/index.php?rest_route=%2Fwp%2Fv2%2Fmedia&parent=1510"}],"curies":[{"name":"wp","href":"https:\/\/api.w.org\/{rel}","templated":true}]}}