{"id":1512,"date":"2026-03-12T19:14:55","date_gmt":"2026-03-12T18:14:55","guid":{"rendered":"https:\/\/www.irenefeste.com\/?page_id=1512"},"modified":"2026-03-12T20:56:35","modified_gmt":"2026-03-12T19:56:35","slug":"le-ballet-des-5-sens","status":"publish","type":"page","link":"https:\/\/www.irenefeste.com\/?page_id=1512","title":{"rendered":"Le Ballet des 5 Sens"},"content":{"rendered":"\n<p><strong>Spectacle \u00ab jeune public \u00bb th\u00e9\u00e2tral et dans\u00e9<\/strong><\/p>\n\n\n\n<p><em>Une Nymphe part \u00e0 la d\u00e9couverte du vaste monde et d\u00e9couvre un jardin magnifique, parsem\u00e9 d\u2019\u00e9nigmes dont elle devra trouver les clefs en faisant appel \u00e0 ses sens.<\/em><\/p>\n\n\n<div class=\"wp-block-image\">\n<figure class=\"aligncenter size-large is-resized\"><a href=\"https:\/\/www.irenefeste.com\/wp-content\/uploads\/2026\/03\/Danses-au-Passe-5-sens-1-scaled.jpg\"><img loading=\"lazy\" decoding=\"async\" width=\"1024\" height=\"683\" src=\"https:\/\/www.irenefeste.com\/wp-content\/uploads\/2026\/03\/Danses-au-Passe-5-sens-1-1024x683.jpg\" alt=\"\" class=\"wp-image-1525\" style=\"width:596px;height:auto\" srcset=\"https:\/\/www.irenefeste.com\/wp-content\/uploads\/2026\/03\/Danses-au-Passe-5-sens-1-1024x683.jpg 1024w, https:\/\/www.irenefeste.com\/wp-content\/uploads\/2026\/03\/Danses-au-Passe-5-sens-1-300x200.jpg 300w, https:\/\/www.irenefeste.com\/wp-content\/uploads\/2026\/03\/Danses-au-Passe-5-sens-1-768x512.jpg 768w, https:\/\/www.irenefeste.com\/wp-content\/uploads\/2026\/03\/Danses-au-Passe-5-sens-1-600x400.jpg 600w, https:\/\/www.irenefeste.com\/wp-content\/uploads\/2026\/03\/Danses-au-Passe-5-sens-1-1536x1024.jpg 1536w, https:\/\/www.irenefeste.com\/wp-content\/uploads\/2026\/03\/Danses-au-Passe-5-sens-1-2048x1365.jpg 2048w, https:\/\/www.irenefeste.com\/wp-content\/uploads\/2026\/03\/Danses-au-Passe-5-sens-1-1320x880.jpg 1320w\" sizes=\"auto, (max-width: 1024px) 100vw, 1024px\" \/><\/a><\/figure><\/div>\n\n\n<div class=\"wp-block-group is-vertical is-layout-flex wp-container-core-group-is-layout-8cf370e7 wp-block-group-is-layout-flex\">\n<p>Histoire et texte&nbsp;: Pascal Laurens, Ir\u00e8ne Feste et No\u00eblle Chanoine<\/p>\n\n\n\n<p>Chor\u00e9graphies et interpr\u00e9tation&nbsp;: Ir\u00e8ne Feste<\/p>\n\n\n\n<p>Narrateur&nbsp;: Pascal Ruiz<\/p>\n\n\n\n<p>Musique&nbsp;: Jean-Joseph Mouret, extraites du <em>Triomphe des Sens<\/em>, 1732<\/p>\n\n\n\n<p>Musiciens&nbsp;: Patrice Boinet ou Elodie Seyranian \u2013 clavecin<\/p>\n\n\n\n<p>Montage son&nbsp;: Yannick Le L\u00e9annec<\/p>\n\n\n\n<p>Mise en sc\u00e8ne&nbsp;: Ir\u00e8ne Feste, Florence Kadri<\/p>\n\n\n\n<p>Costumes&nbsp;: No\u00eblle Chanoine<\/p>\n<\/div>\n\n\n\n<p>Dur\u00e9e : 50 min<\/p>\n\n\n\n<p>Contact : contact(at)dansesaupasse.fr<\/p>\n\n\n\n<p><\/p>\n","protected":false},"excerpt":{"rendered":"<p>Spectacle \u00ab jeune public \u00bb th\u00e9\u00e2tral et dans\u00e9 Une Nymphe part \u00e0 la d\u00e9couverte du vaste monde et d\u00e9couvre un jardin magnifique, parsem\u00e9 d\u2019\u00e9nigmes dont elle devra trouver les clefs en faisant appel \u00e0 ses sens. Histoire et texte&nbsp;: Pascal Laurens, Ir\u00e8ne Feste et No\u00eblle Chanoine Chor\u00e9graphies et interpr\u00e9tation&nbsp;: Ir\u00e8ne Feste Narrateur&nbsp;: Pascal Ruiz Musique&nbsp;: &hellip; <a href=\"https:\/\/www.irenefeste.com\/?page_id=1512\" class=\"more-link\">Continuer la lecture de <span class=\"screen-reader-text\">Le Ballet des 5 Sens<\/span> <span class=\"meta-nav\">&rarr;<\/span><\/a><\/p>\n","protected":false},"author":1,"featured_media":0,"parent":998,"menu_order":2,"comment_status":"closed","ping_status":"closed","template":"","meta":{"footnotes":""},"class_list":["post-1512","page","type-page","status-publish","hentry"],"_links":{"self":[{"href":"https:\/\/www.irenefeste.com\/index.php?rest_route=\/wp\/v2\/pages\/1512","targetHints":{"allow":["GET"]}}],"collection":[{"href":"https:\/\/www.irenefeste.com\/index.php?rest_route=\/wp\/v2\/pages"}],"about":[{"href":"https:\/\/www.irenefeste.com\/index.php?rest_route=\/wp\/v2\/types\/page"}],"author":[{"embeddable":true,"href":"https:\/\/www.irenefeste.com\/index.php?rest_route=\/wp\/v2\/users\/1"}],"replies":[{"embeddable":true,"href":"https:\/\/www.irenefeste.com\/index.php?rest_route=%2Fwp%2Fv2%2Fcomments&post=1512"}],"version-history":[{"count":7,"href":"https:\/\/www.irenefeste.com\/index.php?rest_route=\/wp\/v2\/pages\/1512\/revisions"}],"predecessor-version":[{"id":1561,"href":"https:\/\/www.irenefeste.com\/index.php?rest_route=\/wp\/v2\/pages\/1512\/revisions\/1561"}],"up":[{"embeddable":true,"href":"https:\/\/www.irenefeste.com\/index.php?rest_route=\/wp\/v2\/pages\/998"}],"wp:attachment":[{"href":"https:\/\/www.irenefeste.com\/index.php?rest_route=%2Fwp%2Fv2%2Fmedia&parent=1512"}],"curies":[{"name":"wp","href":"https:\/\/api.w.org\/{rel}","templated":true}]}}

<p><strong>Spectacle « jeune public » théâtral et dansé</strong></p>



<p><em>Une Nymphe part à la découverte du vaste monde et découvre un jardin magnifique, parsemé d’énigmes dont elle devra trouver les clefs en faisant appel à ses sens.</em></p>


<div class="wp-block-image">
<figure class="aligncenter size-large is-resized"><a href="https://www.irenefeste.com/wp-content/uploads/2026/03/Danses-au-Passe-5-sens-1-scaled.jpg"><img loading="lazy" decoding="async" width="1024" height="683" src="https://www.irenefeste.com/wp-content/uploads/2026/03/Danses-au-Passe-5-sens-1-1024x683.jpg" alt="" class="wp-image-1525" style="width:596px;height:auto" srcset="https://www.irenefeste.com/wp-content/uploads/2026/03/Danses-au-Passe-5-sens-1-1024x683.jpg 1024w, https://www.irenefeste.com/wp-content/uploads/2026/03/Danses-au-Passe-5-sens-1-300x200.jpg 300w, https://www.irenefeste.com/wp-content/uploads/2026/03/Danses-au-Passe-5-sens-1-768x512.jpg 768w, https://www.irenefeste.com/wp-content/uploads/2026/03/Danses-au-Passe-5-sens-1-600x400.jpg 600w, https://www.irenefeste.com/wp-content/uploads/2026/03/Danses-au-Passe-5-sens-1-1536x1024.jpg 1536w, https://www.irenefeste.com/wp-content/uploads/2026/03/Danses-au-Passe-5-sens-1-2048x1365.jpg 2048w, https://www.irenefeste.com/wp-content/uploads/2026/03/Danses-au-Passe-5-sens-1-1320x880.jpg 1320w" sizes="auto, (max-width: 1024px) 100vw, 1024px" /></a></figure></div>


<div class="wp-block-group is-vertical is-layout-flex wp-container-core-group-is-layout-8cf370e7 wp-block-group-is-layout-flex">
<p>Histoire et texte&nbsp;: Pascal Laurens, Irène Feste et Noëlle Chanoine</p>



<p>Chorégraphies et interprétation&nbsp;: Irène Feste</p>



<p>Narrateur&nbsp;: Pascal Ruiz</p>



<p>Musique&nbsp;: Jean-Joseph Mouret, extraites du <em>Triomphe des Sens</em>, 1732</p>



<p>Musiciens&nbsp;: Patrice Boinet ou Elodie Seyranian – clavecin</p>



<p>Montage son&nbsp;: Yannick Le Léannec</p>



<p>Mise en scène&nbsp;: Irène Feste, Florence Kadri</p>



<p>Costumes&nbsp;: Noëlle Chanoine</p>
</div>



<p>Durée : 50 min</p>



<p>Contact : contact(at)dansesaupasse.fr</p>



<p></p>

<p>Spectacle « jeune public » théâtral et dansé Une Nymphe part à la découverte du vaste monde et découvre un jardin magnifique, parsemé d’énigmes dont elle devra trouver les clefs en faisant appel à ses sens. Histoire et texte&nbsp;: Pascal Laurens, Irène Feste et Noëlle Chanoine Chorégraphies et interprétation&nbsp;: Irène Feste Narrateur&nbsp;: Pascal Ruiz Musique&nbsp;: &hellip; <a href="https://www.irenefeste.com/?page_id=1512" class="more-link">Continuer la lecture de <span class="screen-reader-text">Le Ballet des 5 Sens</span> <span class="meta-nav">&rarr;</span></a></p>
