{"id":165,"date":"2013-11-12T11:48:37","date_gmt":"2013-11-12T10:48:37","guid":{"rendered":"http:\/\/www.irenefeste.com\/?page_id=165"},"modified":"2025-01-19T23:00:56","modified_gmt":"2025-01-19T22:00:56","slug":"recherches","status":"publish","type":"page","link":"https:\/\/www.irenefeste.com\/?page_id=165","title":{"rendered":"Recherches en danse"},"content":{"rendered":"\n<p class=\"has-text-align-left\">Depuis plusieurs ann\u00e9es, Ir\u00e8ne fait des recherches sur la danse du d\u00e9but du XIX\u00e8me si\u00e8cle, elle a obtenu, \u00e0 plusieurs reprises, la bourse d&rsquo;Aide \u00e0 la Recherche et au Patrimoine en Danse propos\u00e9e par le Centre National de la Danse.<\/p>\n\n\n\n<p><a rel=\"noreferrer noopener\" href=\"http:\/\/www.irenefeste.com\/?page_id=1224&amp;preview=true\" target=\"_blank\">Jean-Etienne Despr\u00e9aux<\/a> (1748-1820) Danseur et pensionnaire des Rois Louis XV et Louis XVI, ma\u00eetre de danse de la cour, r\u00e9p\u00e9titeur des c\u00e9r\u00e9monies, directeur des f\u00eates imp\u00e9riales sous le r\u00e8gne de Napol\u00e9on Ier, professeur au conservatoire de musique, inspecteur g\u00e9n\u00e9ral de l&rsquo;Acad\u00e9mie Imp\u00e9riale de Musique, homme de lettre<\/p>\n\n\n\n<p><a rel=\"noreferrer noopener\" href=\"http:\/\/www.irenefeste.com\/?page_id=1234&amp;preview=true\" target=\"_blank\">Jean-Henri Gourdoux-Daux<\/a> ( ? &#8211; 1841) Ma\u00eetre de danse \u00e0 Paris<\/p>\n\n\n\n<p><a rel=\"noreferrer noopener\" href=\"http:\/\/www.irenefeste.com\/?page_id=1230&amp;preview=true\" target=\"_blank\">Michel Saint-L\u00e9on<\/a> (1777 &#8211; 1853) Danseur figurant \u00e0 l&rsquo;Op\u00e9ra de Paris, assistant de Pierre Gardel pour la r\u00e9alisation des jeux d&rsquo;escrime, bon musicien, ma\u00eetre \u00e0 danser \u00e0 la cour de Wurtemberg, p\u00e8re d&rsquo;Arthur Saint-L\u00e9on<\/p>\n\n\n\n<p><a rel=\"noreferrer noopener\" href=\"http:\/\/www.irenefeste.com\/?page_id=1213\" target=\"_blank\">200 ans de trait\u00e9s de danse : 1823 &#8211; 2023<\/a><\/p>\n\n\n\n<p><a href=\"https:\/\/www.oiist.org\/baroque-dance-at-the-orient-institut-istanbul-dance-historians-explore-aspects-of-orientalism\/\" target=\"_blank\" rel=\"noreferrer noopener\">Baroque Dance at the Orient-Institut Istanbul: Dance Historians Explore Aspects of Orientalism<\/a><\/p>\n\n\n\n<p><a href=\"https:\/\/www.irenefeste.com\/?page_id=1343\">\u00ab\u00a0<em>Le Ma\u00eetre \u00e0 danse<\/em>\u00ab\u00a0, de Pierre Rameau<\/a><\/p>\n","protected":false},"excerpt":{"rendered":"<p>Depuis plusieurs ann\u00e9es, Ir\u00e8ne fait des recherches sur la danse du d\u00e9but du XIX\u00e8me si\u00e8cle, elle a obtenu, \u00e0 plusieurs reprises, la bourse d&rsquo;Aide \u00e0 la Recherche et au Patrimoine en Danse propos\u00e9e par le Centre National de la Danse. Jean-Etienne Despr\u00e9aux (1748-1820) Danseur et pensionnaire des Rois Louis XV et Louis XVI, ma\u00eetre de &hellip; <a href=\"https:\/\/www.irenefeste.com\/?page_id=165\" class=\"more-link\">Continuer la lecture de <span class=\"screen-reader-text\">Recherches en danse<\/span> <span class=\"meta-nav\">&rarr;<\/span><\/a><\/p>\n","protected":false},"author":1,"featured_media":0,"parent":0,"menu_order":5,"comment_status":"closed","ping_status":"closed","template":"","meta":{"footnotes":""},"class_list":["post-165","page","type-page","status-publish","hentry"],"_links":{"self":[{"href":"https:\/\/www.irenefeste.com\/index.php?rest_route=\/wp\/v2\/pages\/165","targetHints":{"allow":["GET"]}}],"collection":[{"href":"https:\/\/www.irenefeste.com\/index.php?rest_route=\/wp\/v2\/pages"}],"about":[{"href":"https:\/\/www.irenefeste.com\/index.php?rest_route=\/wp\/v2\/types\/page"}],"author":[{"embeddable":true,"href":"https:\/\/www.irenefeste.com\/index.php?rest_route=\/wp\/v2\/users\/1"}],"replies":[{"embeddable":true,"href":"https:\/\/www.irenefeste.com\/index.php?rest_route=%2Fwp%2Fv2%2Fcomments&post=165"}],"version-history":[{"count":34,"href":"https:\/\/www.irenefeste.com\/index.php?rest_route=\/wp\/v2\/pages\/165\/revisions"}],"predecessor-version":[{"id":1363,"href":"https:\/\/www.irenefeste.com\/index.php?rest_route=\/wp\/v2\/pages\/165\/revisions\/1363"}],"wp:attachment":[{"href":"https:\/\/www.irenefeste.com\/index.php?rest_route=%2Fwp%2Fv2%2Fmedia&parent=165"}],"curies":[{"name":"wp","href":"https:\/\/api.w.org\/{rel}","templated":true}]}}

<p class="has-text-align-left">Depuis plusieurs années, Irène fait des recherches sur la danse du début du XIXème siècle, elle a obtenu, à plusieurs reprises, la bourse d&rsquo;Aide à la Recherche et au Patrimoine en Danse proposée par le Centre National de la Danse.</p>



<p><a rel="noreferrer noopener" href="http://www.irenefeste.com/?page_id=1224&amp;preview=true" target="_blank">Jean-Etienne Despréaux</a> (1748-1820) Danseur et pensionnaire des Rois Louis XV et Louis XVI, maître de danse de la cour, répétiteur des cérémonies, directeur des fêtes impériales sous le règne de Napoléon Ier, professeur au conservatoire de musique, inspecteur général de l&rsquo;Académie Impériale de Musique, homme de lettre</p>



<p><a rel="noreferrer noopener" href="http://www.irenefeste.com/?page_id=1234&amp;preview=true" target="_blank">Jean-Henri Gourdoux-Daux</a> ( ? &#8211; 1841) Maître de danse à Paris</p>



<p><a rel="noreferrer noopener" href="http://www.irenefeste.com/?page_id=1230&amp;preview=true" target="_blank">Michel Saint-Léon</a> (1777 &#8211; 1853) Danseur figurant à l&rsquo;Opéra de Paris, assistant de Pierre Gardel pour la réalisation des jeux d&rsquo;escrime, bon musicien, maître à danser à la cour de Wurtemberg, père d&rsquo;Arthur Saint-Léon</p>



<p><a rel="noreferrer noopener" href="http://www.irenefeste.com/?page_id=1213" target="_blank">200 ans de traités de danse : 1823 &#8211; 2023</a></p>



<p><a href="https://www.oiist.org/baroque-dance-at-the-orient-institut-istanbul-dance-historians-explore-aspects-of-orientalism/" target="_blank" rel="noreferrer noopener">Baroque Dance at the Orient-Institut Istanbul: Dance Historians Explore Aspects of Orientalism</a></p>



<p><a href="https://www.irenefeste.com/?page_id=1343">« <em>Le Maître à danse</em>« , de Pierre Rameau</a></p>

<p>Depuis plusieurs années, Irène fait des recherches sur la danse du début du XIXème siècle, elle a obtenu, à plusieurs reprises, la bourse d&rsquo;Aide à la Recherche et au Patrimoine en Danse proposée par le Centre National de la Danse. Jean-Etienne Despréaux (1748-1820) Danseur et pensionnaire des Rois Louis XV et Louis XVI, maître de &hellip; <a href="https://www.irenefeste.com/?page_id=165" class="more-link">Continuer la lecture de <span class="screen-reader-text">Recherches en danse</span> <span class="meta-nav">&rarr;</span></a></p>
